what is 5 - -446222004?
446222012
In base 11, what is -106 - -702a3?
70198
In base 11, what is 2294207 + -1?
2294206
In base 7, what is -415 + 65505?
65060
In base 11, what is -3534599 - 1?
-353459a
In base 7, what is -2265 - -433612?
431314
In base 13, what is a4 - 236697?
-2365c3
In base 10, what is -6887337 - -2?
-6887335
In base 4, what is 100322120 + 3321?
100332101
In base 16, what is 0 - -18e6dc?
18e6dc
In base 7, what is 515446 - -1024?
516503
In base 10, what is 19 - 11923657?
-11923638
In base 6, what is 1015244442 - 1?
1015244441
In base 7, what is -4351502 + 6?
-4351463
In base 11, what is 231384 + -32?
231352
In base 4, what is 230121 - 2002021?
-1111300
In base 14, what is 3 - -3d13dc?
3d1401
In base 6, what is 450 - 24234043?
-24233153
In base 8, what is 36742022 - 3?
36742017
In base 15, what is -6 - 21cc4?
-21cca
In base 2, what is 101 + -1100100110101110100101100?
-1100100110101110100100111
In base 5, what is -14 - 11044312133?
-11044312202
In base 14, what is -17 - -104525?
10450c
In base 11, what is 4 + -10884620?
-10884617
In base 6, what is -20244345022 - -5?
-20244345013
In base 12, what is -3b49880 + -4a?
-3b4990a
In base 4, what is 0 + 30022320213001?
30022320213001
In base 15, what is 1507c87 + 5?
1507c8c
In base 9, what is -820004 - 28?
-820033
In base 12, what is -261 - -8785?
8524
In base 9, what is 41 + 4832653?
4832704
In base 9, what is 4411 - -10345?
14756
In base 5, what is -2222233 + 3130?
-2214103
In base 11, what is -5 + a6463041?
a6463037
In base 11, what is -15448157 + 1?
-15448156
In base 8, what is -25143735 + 1?
-25143734
In base 2, what is 10 - -11011011010110101001?
11011011010110101011
In base 7, what is 3521 + -10430503?
-10423652
In base 5, what is -23143 - -1032223?
1004030
In base 7, what is 4316313460 + 1?
4316313461
In base 9, what is -361166 - 128?
-361305
In base 6, what is -14034400412 - -11?
-14034400401
In base 7, what is 321 + 214211?
214532
In base 15, what is -7079 - ad4?
-7b5d
In base 8, what is 0 + -7040376?
-7040376
In base 6, what is -511045305 - 1?
-511045310
In base 14, what is 593b + -8a7?
5074
In base 16, what is 1e5d - -1841e?
1a27b
In base 2, what is -1111001001000001101111 - -1111?
-1111001001000001100000
In base 11, what is 74135 - -256?
74390
In base 10, what is -198 + -3252?
-3450
In base 7, what is 12 + 2000066445?
2000066460
In base 13, what is 10ac - 7c55c?
-7b480
In base 15, what is -1d15b8 - 1?
-1d15b9
In base 11, what is -21 + 179a64a5?
179a6484
In base 14, what is -b32 + -18776?
-194a8
In base 7, what is -1 - 1214126?
-1214130
In base 6, what is -25 - 3241310?
-3241335
In base 11, what is 2 + 48a00036?
48a00038
In base 2, what is 10000100000001110 + 1000111?
10000100001010101
In base 7, what is 13 + 660115544?
660115560
In base 11, what is -2 - 13a486?
-13a488
In base 16, what is 15ad + -397?
1216
In base 10, what is 9 - -1866453?
1866462
In base 8, what is -60570 - 1376?
-62166
In base 6, what is -341210211 + -11?
-341210222
In base 6, what is 5 + -42033024025?
-42033024020
In base 8, what is -3646505412 - 2?
-3646505414
In base 11, what is -22 - 689236?
-689258
In base 13, what is -10 - 72156?
-72166
In base 9, what is -24875 - -5533?
-18342
In base 2, what is -10011111011000101 - 101010100?
-10100000000011001
In base 3, what is -2021000202110102 - -100?
-2021000202110002
In base 6, what is -23102420 + -135?
-23102555
In base 16, what is 4 - -1530205?
1530209
In base 7, what is 125 + 2635560?
2636015
In base 3, what is 121110 - -11202000102?
11202121212
In base 7, what is 5 - 14230433536?
-14230433531
In base 2, what is 1111110111101011010100011 - -1?
1111110111101011010100100
In base 11, what is 84 - -489069?
489142
In base 10, what is 4352722 + -118?
4352604
In base 8, what is 105615542 + 5?
105615547
In base 2, what is 110 - 100100011001110101010011?
-100100011001110101001101
In base 7, what is 565312 + -361?
564621
In base 11, what is 265469 + -11?
265458
In base 3, what is 21111022210210 - 102?
21111022210101
In base 14, what is -c4aa + 140?
-c36a
In base 4, what is 12021011132 - 1211?
12021003321
In base 11, what is 302a9 - 273?
30036
In base 6, what is 235 - -13210120?
13210355
In base 11, what is -1679530 - 4?
-1679534
In base 3, what is -11011111211001 + 111?
-11011111210120
In base 6, what is -5 - -311542151?
311542142
In base 7, what is 216114161 - -4?
216114165
In base 2, what is 11010000011110110011110 - 1011100?
11010000011110101000010
In base 3, what is 1001121002002221 + 11?
1001121002010002
In base 3, what is -120 + 1021120112012212?
1021120112012022
In base 14, what is -1 - -32d625?
32d624
In base 11, what is 229a1 + -4671?
19330
In base 14, what is 1 + -146d6620?
-146d661d
In base 10, what is -3215 - -9593?
6378
In base 10, what is -5 + 56098706?
56098701
In base 16, what is -9810 - -602?
-920e
In base 13, what is 1513 - -2057?
356a
In base 9, what is -142136 + 573?
-141453
In base 3, what is -1021 - 1002012101?
-1002020122
In base 9, what is 115586 - 2118?
113467
In base 2, what is -11011111111101100000000111 - -1?
-11011111111101100000000110
In base 9, what is -2 - -37737623?
37737621
In base 5, what is -44 - -1112432121?
1112432022
In base 12, what is -1 + a18504?
a18503
In base 13, what is 1b85916 + -14?
1b85902
In base 12, what is -124 - 403b4?
-40518
In base 2, what is -101 - 111100001100000111110?
-111100001100001000011
In base 13, what is 595532 - -5c?
595591
In base 13, what is -3 - 107a3902?
-107a3905
In base 3, what is -2111012122022002 - -10?
-2111012122021222
In base 3, what is 22 - 1201202200201110?
-1201202200201011
In base 11, what is -149571 - 15?
-149586
In base 8, what is 104710 + 13533?
120443
In base 16, what is -78f7 + 76aa?
-24d
In base 6, what is 20404051 + 45?
20404140
In base 16, what is -1 - 142cd303?
-142cd304
In base 12, what is -b0a7b + -213?
-b1092
In base 7, what is -5 - 104041164?
-104041202
In base 7, what is -160526543 + 1?
-160526542
In base 9, what is -267057623 - 6?
-267057630
In base 6, what is -4422351233 + 3?
-4422351230
In base 5, what is 204400313430 - -4?
204400313434
In base 16, what is a55399b - 1?
a55399a
In base 5, what is 3 - -3140313412?
3140313420
In base 2, what is -11011100 + -10000010100100?
-10000110000000
In base 7, what is 1361 + 160565?
162256
In base 16, what is -3ae91 + f7?
-3ad9a
In base 16, what is -23b06bb8 - -5?
-23b06bb3
In base 13, what is b85c07 + -5?
b85c02
In base 12, what is -b3b8 - aa8?
-102a4
In base 4, what is -1230221202 - 10300?
-1230232102
In base 12, what is 16598b - 495?
1654b6
In base 14, what is 1 + -324372?
-324371
In base 3, what is -10211 + -202201201?
-202212112
In base 8, what is -6 - -6521353?
6521345
In base 12, what is 339 + -7810?
-7493
In base 6, what is -2111 - 321012?
-323123
In base 12, what is -8 + -1a2476aa?
-1a2476b6
In base 11, what is 9517441 + -10?
9517431
In base 14, what is -9 + -b13511?
-b1351a
In base 10, what is 18669 - -22544?
41213
In base 2, what is -1001010110101000011 + -110001100001?
-1001011100110100100
In base 3, what is -21101112 + 1010011?
-20021101
In base 8, what is 67013070 + 2?
67013072
In base 3, what is -1122210101120 - 21220?
-1122210200110
In base 14, what is -1748a - 14?
-174a0
In base 16, what is -9 - -1a92bff?
1a92bf6
In base 7, what is -110006 + 3351?
-103325
In base 7, what is -64 + -143122054?
-143122151
In base 12, what is -445 - 26b00?
-27345
In base 3, what is 1 - 211111022002110?
-211111022002102
In base 11, what is 40740 - -a?
4074a
In base 10, what is 15 + 3835114?
3835129
In base 6, what is -51141 + 135225?
44044
In base 6, what is 2 - -33300214333?
33300214335
In base 7, what is -221653 - 1424?
-223410
In base 2, what is 11 + 100111010111010101100?
100111010111010101111
In base 6, what is 404514241 + -51?
404514150
In base 6, what is -2 + -4411010145?
-4411010151
In base 10, what is -3006178 + 0?
-3006178
In base 3, what is -2 + -10202011222010?
-10202011222012
In base 4, what is 30210 + -1202032?
-1111222
In base 9, what is -64 + -58211367?
-58211442
In base 7, what is 311 + 3424?
4035
In base 8, what is -1300421 + -574?
-1301215
In base 14, what is -60297 + -18?
-602b1
In base 3, what is 12012221010 - 1002220?
12011211020
In base 7, what is -106 - -1036554?
1036445
In base 14, what is -1 - 505247?
-50524